ivided by 8008.
6
Calculate the remainder when 7041797 is divided by 2273.
43
What is the remainder when 500958 is divided by 124899?
1362
Calculate the remainder when 139776917 is divided by 129.
128
Calculate the remainder when 2821569 is divided by 1410733.
103
Calculate the remainder when 7429278 is divided by 130338.
12
What is the remainder when 101321016 is divided by 13?
4
Calculate the remainder when 13794373 is divided by 1069.
1066
What is the remainder when 558085 is divided by 1892?
1837
Calculate the remainder when 163624404 is divided by 4661.
4660
Calculate the remainder when 14942705 is divided by 962.
921
Calculate the remainder when 116633118 is divided by 355.
353
Calculate the remainder when 10183776 is divided by 1574.
1570
What is the remainder when 462496 is divided by 399?
55
What is the remainder when 1819964 is divided by 52?
16
Calculate the remainder when 6633291 is divided by 458.
77
What is the remainder when 629224 is divided by 70?
64
What is the remainder when 375256 is divided by 125039?
139
Calculate the remainder when 344431 is divided by 10340.
3211
Calculate the remainder when 15372 is divided by 19.
1
What is the remainder when 10796135 is divided by 1907?
608
Calculate the remainder when 181862598 is divided by 6052.
6050
What is the remainder when 31954 is divided by 7?
6
What is the remainder when 8514831 is divided by 198018?
57
Calculate the remainder when 50353814 is divided by 412.
410
What is the remainder when 502451 is divided by 99755?
3676
What is the remainder when 566626 is divided by 7184?
6274
What is the remainder when 216262444 is divided by 124?
120
Calculate the remainder when 162924 is divided by 32548.
184
What is the remainder when 99674 is divided by 24917?
6
What is the remainder when 177462 is divided by 561?
186
What is the remainder when 794746 is divided by 2703?
64
Calculate the remainder when 46608 is divided by 46425.
183
What is the remainder when 149579339 is divided by 30?
29
What is the remainder when 26448923 is divided by 26448882?
41
What is the remainder when 52965 is divided by 970?
585
What is the remainder when 13280844 is divided by 4426936?
36
What is the remainder when 33732099 is divided by 3149?
11
Calculate the remainder when 299887 is divided by 99946.
49
Calculate the remainder when 1186739 is divided by 296682.
11
Calculate the remainder when 76698 is divided by 951.
618
Calculate the remainder when 113174 is divided by 19857.
13889
What is the remainder when 48925 is divided by 2250?
1675
What is the remainder when 1202153 is divided by 8068?
21
What is the remainder when 15620 is divided by 1097?
262
What is the remainder when 745208 is divided by 884?
880
What is the remainder when 3173785 is divided by 352642?
7
Calculate the remainder when 239035 is divided by 291.
124
Calculate the remainder when 886712 is divided by 443319.
74
Calculate the remainder when 271795 is divided by 359.
32
Calculate the remainder when 1124105 is divided by 561970.
165
What is the remainder when 662886 is divided by 98?
14
Calculate the remainder when 125575 is divided by 233.
221
Calculate the remainder when 90809 is divided by 1831.
1090
Calculate the remainder when 2734440 is divided by 223.
14
Calculate the remainder when 8811 is divided by 1239.
138
Calculate the remainder when 48082 is divided by 1558.
1342
What is the remainder when 31133532 is divided by 19?
18
What is the remainder when 772946 is divided by 193?
174
Calculate the remainder when 865950 is divided by 1375.
1075
Calculate the remainder when 3913622 is divided by 1591.
1353
Calculate the remainder when 25822 is divided by 25590.
232
Calculate the remainder when 200544 is divided by 475.
94
What is the remainder when 294909197 is divided by 10?
7
What is the remainder when 616786 is divided by 56068?
38
Calculate the remainder when 192006 is divided by 17.
8
What is the remainder when 389248 is divided by 32208?
2752
What is the remainder when 762678 is divided by 130?
98
What is the remainder when 66896110 is divided by 27?
19
Calculate the remainder when 67159 is divided by 725.
459
What is the remainder when 40581869 is divided by 1994?
1975
What is the remainder when 1017951 is divided by 91?
25
What is the remainder when 789171 is divided by 5859?
4065
Calculate the remainder when 463105 is divided by 231548.
9
Calculate the remainder when 122184 is divided by 4622.
2012
Calculate the remainder when 64201 is divided by 382.
25
What is the remainder when 134700 is divided by 44896?
12
What is the remainder when 5947980 is divided by 13?
12
What is the remainder when 1805773 is divided by 451441?
9
What is the remainder when 5506284 is divided by 53459?
7
Calculate the remainder when 75299564 is divided by 1055.
1049
What is the remainder when 25520 is divided by 1935?
365
Calculate the remainder when 2001495 is divided by 37764.
3
What is the remainder when 107957408 is divided by 6013?
6
What is the remainder when 36562 is divided by 2285?
2
Calculate the remainder when 419478599 is divided by 120.
119
Calculate the remainder when 57562 is divided by 51324.
6238
Calculate the remainder when 8572471 is divided by 57.
13
Calculate the remainder when 473363 is divided by 1249.
1241
Calculate the remainder when 11876 is divided by 4349.
3178
Calculate the remainder when 11345879 is divided by 4698.
209
Calculate the remainder when 1384766 is divided by 1281.
5
What is the remainder when 730346 is divided by 3148?
10
Calculate the remainder when 102177127 is divided by 74.
73
Calculate the remainder when 172903413 is divided by 14.
11
What is the remainder when 18994971 is divided by 17769?
17679
Calculate the remainder when 32137712 is divided by 4806.
4796
What is the remainder when 26889 is divided by 26655?
234
What is the remainder when 2917549 is divided by 6707?
4
Calculate the remainder when 71232 is divided by 138.
24
Calculate the remainder when 1669483 is divided by 50.
33
Calculate the remainder when 555258869 is divided by 2070.
2069
What is the remainder when 12181360 is divided by 37?
35
What is the remainder when 437114 is divided by 145054?
1952
What is the remainder when 5293416 is divided by 11711?
44
What is the remainder when 4695188 is divided by 1173781?
64
What is the remainder when 80107 is divided by 39782?
543
What is the remainder when 36520775 is divided by 9130193?
3
What is the remainder when 3353442 is divided by 479063?
1
Calculate the remainder when 1465052273 is divided by 2194.
2191
What is the remainder when 25241047 is divided by 1169?
1168
Calculate the remainder when 449523 is divided by 7614.
297
Calculate the remainder when 81442 is divided by 27018.
388
Calculate the remainder when 110065973 is divided by 25.
23
What is the remainder when 475295 is divided by 31681?
80
Calculate the remainder when 1176391 is divided by 21387.
106
Calculate the remainder when 2148433 is divided by 358048.
145
Calculate the remainder when 4752006 is divided by 2375999.
8
What is the remainder when 6485251 is divided by 75?
1
What is the remainder when 37896951 is divided by 5168?
7
What is the remainder when 265506 is divided by 66363?
54
What is the remainder when 30320824 is divided by 1756?
1728
What is the remainder when 45597 is divided by 572?
409
Calculate the remainder when 1432184 is divided by 99.
50
What is the remainder when 34047415 is divided by 3095217?
28
What is the remainder when 463107 is divided by 115775?
7
What is the remainder when 1614431 is divided by 401?
5
Calculate the remainder when 5881256 is divided by 5881243.
13
Calculate the remainder when 1530276 is divided by 465.
426
Calculate the remainder when 10622679 is divided by 10.
9
What is the remainder when 22330250 is divided by 22330183?
67
Calculate the remainder when 24486 is divided by 10.
6
Calculate the remainder when 19099 is divided by 6333.
100
Calculate the remainder when 10936126 is divided by 2212.
2210
Calculate the remainder when 166931974 is divided by 23.
21
Calculate the remainder when 884895 is divided by 58.
47
What is the remainder when 41970336 is divided by 471?
468
What is the remainder when 43651 is divided by 10849?
255
What is the remainder when 280274 is divided b